(k) = 30*k**3 + 2*k**2 - k. Let x = 1 - 0. What is the tens digit of y(x)?
3
Let f(y) = -3 + 3*y**3 + 2 + 8*y**2 + 2 - 4*y**3 - 5*y. What is the tens digit of f(7)?
1
Let r = -41 + 78. What is the tens digit of r?
3
Suppose 4*c + c - 30 = 0. Let n = 9 - c. Suppose n*o = -i - o - 7, o - 2 = -i. What is the units digit of i?
5
Suppose 5*i = -3*z - 4 + 21, -2*i + 6 = z. Let k(q) = 3*q - 4. Let p be k(z). Suppose -s + 3*s = p. What is the units digit of s?
4
Let h be -3*(-3 + (-6)/(-3)). Let b(x) = 2*x**3 - 5*x**2 + 4*x - 3. What is the units digit of b(h)?
8
Let y = 7 - 2. Let s be 6 - y - (-3 + 1). Suppose 4*h + 0*g = -s*g + 59, -h + 2*g = -1. What is the tens digit of h?
1
Suppose 3*d = -v + 204 + 95, -121 = -d + 5*v. What is the tens digit of d?
0
Let y(g) = 2*g**2 + 7*g + 5. Let s be y(-5). Suppose -5*q + 30 = 5*n, 3*q + 7*n - 2*n = s. What is the units digit of q?
5
Suppose -11 = -5*t - s, 8 = 2*t + 2*t + s. Suppose -t*p = -25 - 83. What is the units digit of p?
6
Suppose 0 = -7*l + 4*l + 1167. What is the hundreds digit of l?
3
Let n(k) = 10*k + 1. What is the tens digit of n(3)?
3
Let i = -6 - -40. What is the units digit of i?
4
Suppose -y - 50 = 3*c, 4*y - y - 3 = 0. Let o = c + 29. What is the tens digit of o?
1
Suppose -r + 4*c + 64 = 3*r, -2*r - 4*c = -32. Suppose r = q - 14. What is the tens digit of q?
3
Suppose -l = 4*l + 30. Let z(o) = -o - 6. Let s be z(l). Suppose s*g - 2*g = -8. What is the units digit of g?
4
Let y(g) = g**2 - 11*g + 6. Let p be y(-6). Suppose 0 = 2*r - 5*r + p. What is the tens digit of r?
3
Let y = 56 + -53. What is the units digit of y?
3
Let j(n) = n**3 - n**2 - n + 3. What is the tens digit of j(4)?
4
Suppose 134 = 4*b - 3*h, 0*b + 5*b - 5*h - 170 = 0. What is the units digit of b?
2
Let f = 1 - 2. Let s(w) = 46*w**2 - 2*w - 1. What is the tens digit of s(f)?
4
Let y be (3/(-3))/((-1)/13). Let d = y + -7. What is the units digit of d?
6
Let m = -14 - -17. What is the units digit of m?
3
Suppose -5*i + 4*r + 255 = 0, -26 = 5*i + 2*r - 311. What is the tens digit of i?
5
Let r(l) = -17*l**3 + 6*l**2 + 7*l - 6. Let n(d) = -d**2 - d + 1. Let j(v) = -6*n(v) - r(v). What is the units digit of j(1)?
6
What is the units digit of ((-6)/4)/(9/(-1320))?
0
Suppose -4*a + 17 - 1 = 0, 5*b + a = 49. Suppose -2*o - 11 = -n - 2, -3*n = 3*o - b. What is the tens digit of (-22)/(-4)*(0 - o)?
1
Suppose -4*n = 4*q - 1392, q + 3*n - 4*n = 344. What is the hundreds digit of q?
3
Let n(w) be the third derivative of -w**7/1680 - 7*w**6/720 - w**5/60 + 4*w**2. Let y(x) be the third derivative of n(x). What is the tens digit of y(-7)?
1
Suppose -13 = -h - 5. Suppose 0 = 4*r - h - 8. What is the units digit of r?
4
What is the units digit of (0 + 7/(-14))/(2/(-556))?
9
Suppose 3*a + 5*d = 64, 5*a - 60 = 2*d - d. Let k = 15 - a. What is the units digit of k?
2
Let z be (6/8)/(2/8). Let r be 6 - (6/z - 0). Suppose -r*l = -w - 0*l - 9, -24 = -3*w - 5*l. What is the units digit of w?
3
Let w(o) = o**3 - 3*o**2 - 14*o - 2. What is the tens digit of w(6)?
2
Suppose 3*n - 2*q = -3*q - 31, 2*n + 15 = 5*q. Let u(x) = x**2 + 8*x + 13. What is the tens digit of u(n)?
3
Suppose 11 = 2*g - 21. Suppose 3*s = d - 36, 2*s - g = -0*d - d. What is the units digit of d?
4
Suppose 5*i = -2*h - 4, 5 = -2*h - 3*i - 3. Let u be (-4)/12 - h/3. Suppose 6*l - 3*l = 2*p + 17, -u*p + 18 = 2*l. What is the units digit of l?
7
Let f = -4 - -1. Let u(o) = -o - 3. Let t be u(f). Let c = 5 + t. What is the units digit of c?
5
Let t be (-4 + -8)/(1 - 3). Let g = 19 - t. What is the units digit of g?
3
Let f(l) = -l**2 + 9*l - 5. Let g = 18 - 13. What is the tens digit of f(g)?
1
Let p(g) be the second derivative of -g**3/6 - 3*g**2 + 2*g. Let v be p(-8). Let n = v - 1. What is the units digit of n?
1
Let v be 37 + 4/(-8)*8. Suppose -o = -3*h + 14 + 6, 0 = -3*h + 2*o + 25. Suppose 0 = -h*x + 2 + v. What is the units digit of x?
7
Let c = -29 - -135. What is the units digit of c?
6
Suppose 0 = -4*a - a. Suppose -5*g + a*t = t - 27, 18 = 2*g - 2*t. Let p = g + -1. What is the units digit of p?
5
Let q be 6 - (-3 - -6) - 5. What is the tens digit of 4*(q + 46/8)?
1
Suppose -5*x + 90 = 245. Let s = -19 - x. What is the units digit of s?
2
Let v(p) = p**3 + 10*p**2 - 10*p + 12. Let z be v(-11). What is the units digit of (z - -1)/(2 + 0)?
1
Let u(k) = -18*k - 4. What is the units digit of u(-2)?
2
Suppose 3 = -5*d + 3*j - 6, -4*d - 4*j = -12. Suppose d = -3*z + 6 - 0. What is the units digit of z/3 - (-25)/3?
9
Let t be 6/21 + 480/35. Let q = t - -7. What is the units digit of q?
1
Suppose y = -3*y + 32. Suppose -y = -p + 2*w + 2, -38 = -5*p - 2*w. What is the units digit of p?
8
Suppose -4*l = -3*g + 586 + 219, -3*l + 1090 = 4*g. What is the units digit of g?
1
What is the units digit of ((-4)/6)/(2/(-168))?
6
Suppose -q + 3*i + 3 = 4*i, 2*q = 2*i + 26. What is the units digit of q?
8
Let m = -22 + 53. Suppose -33 = -4*x + m. What is the units digit of x?
6
Suppose -2*k = -v - 92, 4*v - 27 = -k + 28. What is the units digit of k?
7
Let x(c) = c**3 - 3*c**2 + 6*c - 8. What is the tens digit of x(4)?
3
Suppose 14*s - 19*s + 475 = 0. What is the tens digit of s?
9
Let a(g) be the first derivative of 8*g**3/3 + g**2/2 + g - 2. What is the units digit of a(-1)?
8
Let m = 65 - 26. What is the units digit of m?
9
Suppose -204 = -3*x - x. What is the tens digit of x?
5
Let z = 5 - 1. Suppose -12 = 2*l - z*l. What is the units digit of l?
6
Suppose 2*b + 2*u + 7 = 5*b, -4*u + 13 = 3*b. What is the units digit of 21*3*1/b?
1
What is the units digit of (3*6/27)/((-2)/(-381))?
7
Suppose -3*s + 123 = -42. What is the units digit of s?
5
Let c be (16/(-20))/((-4)/10). Let s(l) = -7*l - 2*l**2 + 0 + 4*l**2 - c. What is the tens digit of s(5)?
1
Let y(u) = 15*u + 4. What is the units digit of y(2)?
4
Let h(z) = -2*z**3 - 15*z**2 + 5*z - 17. Let q = -14 - -23. Let x(u) = -u**3 - 8*u**2 + 2*u - 9. Let k(w) = q*x(w) - 4*h(w). What is the units digit of k(-12)?
1
Let z(w) be the third derivative of w**5/60 - w**4/3 + w**3/3 - 5*w**2. What is the units digit of z(9)?
1
Let v(h) = h**3 - 8*h**2 + 6. Let l be v(8). Let n(w) = w**2 - 7*w - 7. Let u be n(l). Let b = u - -26. What is the tens digit of b?
1
Suppose -6 = -3*p + 6. Suppose 5*x + 4*i = i + 189, -2*i = p. What is the tens digit of x?
3
Suppose 5*c + 40 = -5*s, 5*s = -0*s - 3*c - 36. Let n = 4 - s. What is the tens digit of n?
1
Let d be 148 - (-5)/((-15)/(-9)). Suppose -3*w - 34 = -d. What is the units digit of w?
9
Let u(q) = -5*q - 3. Let x = 5 + -11. What is the units digit of u(x)?
7
Let b(l) = l**2 + 8*l + 2. Let s be b(-10). Let a = s - 7. What is the tens digit of a?
1
What is the tens digit of (-5)/(-3) + 20/(-30) + 134?
3
Let t(l) = l**2 + l - 3. Let f be (-2 + 1)/((-4)/(-44)). Let c = f - -7. What is the units digit of t(c)?
9
Let p be (-1 - -2)/((-3)/(-9)). Let f = p - 1. Suppose -i = 3*s - 21, 4*s + 7*i = f*i + 39. What is the units digit of s?
6
Let y = -90 - -206. What is the tens digit of y?
1
Suppose -p = 3*p - 4. Let w(m) be the first derivative of 19*m**2/2 - m - 3. What is the units digit of w(p)?
8
Let q(s) = s**2 - s - 16. What is the hundreds digit of q(-12)?
1
Let r = 52 - 16. What is the units digit of r?
6
Let u(d) = -45*d + 12. What is the tens digit of u(-4)?
9
Let t be (1/3)/(1/9). Suppose 3*g - 39 = t*k - 5*k, 0 = 4*g - 3*k - 35. What is the units digit of g?
1
Suppose l + g - 10 = 0, 4*g = -l + 5 + 11. Suppose -l*k + k = -273. What is the tens digit of k?
3
Let v = 11 + 4. Suppose 0 = -t - 4*t + 5*i + 125, -5*i - v = 0. What is the units digit of t?
2
Suppose 3*n - 4*l - 370 = -109, 0 = n + 2*l - 77. What is the tens digit of n?
8
What is the tens digit of (-1)/4 + (-173)/(-4)?
4
Let m(y) = -3*y + y + 7 + 0 + 1. What is the units digit of m(-9)?
6
Suppose 4*s - 360 = -4*c, -5*c = 4*s - 79 - 371. What is the units digit of c?
0
Suppose -4*c + c = 0. Suppose 0 = -4*t + 5*p + 23, c*t = -3*t - 3*p - 3. Suppose -t = -b - b. What is the units digit of b?
1
Suppose -4*l + 20 + 0 = 0. Suppose -50 = -l*w - 10. What is the units digit of w?
8
Suppose 5*w + 2*b = 470, 2*w + 188 = 4*w - 3*b. What is the tens digit of w?
9
Suppose -2*u + 3*q + 13 = 0, 3*u + 0*u - 17 = 2*q. What is the tens digit of (-122)/(-5) + 